{"id":245,"date":"2017-07-18T15:23:39","date_gmt":"2017-07-18T13:23:39","guid":{"rendered":"http:\/\/localhost\/wertfabrik.ch\/de\/?page_id=245"},"modified":"2018-06-13T17:09:42","modified_gmt":"2018-06-13T15:09:42","slug":"seminaires-internes","status":"publish","type":"page","link":"https:\/\/www.wertfabrik.ch\/fr\/seminaires-internes\/","title":{"rendered":"S\u00e9minaires internes"},"content":{"rendered":"<p>[vc_row full_width=\u00a0\u00bbstretch_row\u00a0\u00bb css=\u00a0\u00bb.vc_custom_1509542030098{margin-top: 0px !important;margin-bottom: 0px !important;}\u00a0\u00bb][vc_column]<div class=\"header-overview-site\"><div class=\"container\"><h1>Formations<\/h1><\/div><div class=\"image-section\"><div class=\"background-img clear\" style=\"background:url(https:\/\/www.wertfabrik.ch\/fr\/wp-content\/uploads\/sites\/5\/2018\/01\/Formations-\u2013-Wertfabrik-AG.jpg) center -60px;\"><img src=\"https:\/\/www.wertfabrik.ch\/fr\/wp-content\/uploads\/sites\/5\/2018\/01\/Formations-\u2013-Wertfabrik-AG.jpg\" alt=\"D\u00e9velopper le savoir-faire et les comp\u00e9tences au sein de votre entreprise\"><\/div><div class=\"header-box\"><h2>Offres personnalis\u00e9es sur site<\/h2><h1>D\u00e9velopper le savoir-faire et les comp\u00e9tences au sein de votre entreprise<\/h1><p>Nous organisons avec vous des\u00a0concepts de s\u00e9minaire individuels,\u00a0et ce pour toutes les questions sp\u00e9cifiques au th\u00e8me du Lean. Que vous suiviez un s\u00e9minaire unique ou un programme de formation complet, vous\u00a0progressez rapidement\u00a0avec les experts Lean de Wertfabrik.<\/p><\/div><\/div><\/div>[\/vc_column][\/vc_row][vc_row full_width=\u00a0\u00bbstretch_row\u00a0\u00bb][vc_column]<div data-mcat=\"wertakademie\" data-cnotin=\"inhouse-seminare\" class=\"overview-list-container referenzen-list\"><div class=\"container clear\"><div class=\"overview-list-controlling\"><h2>Nos formations<\/h2><hr><\/div><article data-postid=\"515\" data-cat=\"inhouse-seminare\" class=\"active item-1 item-d-1 item-t-1\"><div class=\"inner\"><h2><a href=\"https:\/\/www.wertfabrik.ch\/fr\/veranstaltung\/preparation-rapide\/\">Pr\u00e9paration rapide avec la m\u00e9thode SMED<\/a><\/h2><p>La pr\u00e9paration rapide est un \u00e9l\u00e9ment de base du Lean Management. Le but de la m\u00e9thode SMED (Single Minute Exchange of Die) est le changement d\u2019outil en une minute.<\/p><div class=\"meta-bottom clear\"><a class=\"detail\" href=\"https:\/\/www.wertfabrik.ch\/fr\/veranstaltung\/preparation-rapide\/\">Plus<\/a><span class=\"cat\">S\u00e9minaires internes<\/span><\/div><\/div><\/article><article data-postid=\"516\" data-cat=\"inhouse-seminare\" class=\"active item-2 item-d-2 item-t-2\"><div class=\"inner\"><h2><a href=\"https:\/\/www.wertfabrik.ch\/fr\/veranstaltung\/feuille-de-route-vers-lentreprise-lean\/\">Feuille de route vers l&rsquo;entreprise Lean<\/a><\/h2><p>Dans le s\u00e9minaire \u00abFeuille de route vers l'entreprise Lean\u00bb, vous apprenez comment une feuille de route est d\u00e9duite, trait\u00e9e et contr\u00f4l\u00e9e \u00e0 partir de la strat\u00e9gie d'entreprise.<\/p><div class=\"meta-bottom clear\"><a class=\"detail\" href=\"https:\/\/www.wertfabrik.ch\/fr\/veranstaltung\/feuille-de-route-vers-lentreprise-lean\/\">Plus<\/a><span class=\"cat\">S\u00e9minaires internes<\/span><\/div><\/div><\/article><article data-postid=\"517\" data-cat=\"inhouse-seminare\" class=\"active item-3 item-d-3 item-t-1\"><div class=\"inner\"><h2><a href=\"https:\/\/www.wertfabrik.ch\/fr\/veranstaltung\/lean-basics\/\">Fondements du Lean<\/a><\/h2><p>Les fondements du Lean servent de base \u00e0 tous ceux qui envisagent d\u2019optimiser leurs processus et modes op\u00e9ratoires selon des crit\u00e8res sp\u00e9cifiques au Lean.<\/p><div class=\"meta-bottom clear\"><a class=\"detail\" href=\"https:\/\/www.wertfabrik.ch\/fr\/veranstaltung\/lean-basics\/\">Plus<\/a><span class=\"cat\">S\u00e9minaires internes<\/span><\/div><\/div><\/article><article data-postid=\"519\" data-cat=\"inhouse-seminare\" class=\"active item-4 item-d-1 item-t-2\"><div class=\"inner\"><h2><a href=\"https:\/\/www.wertfabrik.ch\/fr\/veranstaltung\/cartographie-de-la-chaine-de-valeur\/\">Cartographie de la cha\u00eene de valeur<\/a><\/h2><p>Dans ce s\u00e9minaire, vous apprenez \u00e0 utiliser la m\u00e9thode de cartographie\/d\u2019architecture de la cha\u00eene de valeur aussi bien dans le secteur de la production que pour les processus indirects.<\/p><div class=\"meta-bottom clear\"><a class=\"detail\" href=\"https:\/\/www.wertfabrik.ch\/fr\/veranstaltung\/cartographie-de-la-chaine-de-valeur\/\">Plus<\/a><span class=\"cat\">S\u00e9minaires internes<\/span><\/div><\/div><\/article><article data-postid=\"520\" data-cat=\"inhouse-seminare\" class=\"active item-5 item-d-2 item-t-1\"><div class=\"inner\"><h2><a href=\"https:\/\/www.wertfabrik.ch\/fr\/veranstaltung\/lean-administration\/\">Lean Administration<\/a><\/h2><p>Le risque de gaspillage existe aussi dans les processus d\u2019administration ne cr\u00e9ant pas de valeur. L\u2019administration au plus juste ou Lean Administration aide \u00e0 identifier et \u00e0 enrayer le gaspillage.<\/p><div class=\"meta-bottom clear\"><a class=\"detail\" href=\"https:\/\/www.wertfabrik.ch\/fr\/veranstaltung\/lean-administration\/\">Plus<\/a><span class=\"cat\">S\u00e9minaires internes<\/span><\/div><\/div><\/article><article data-postid=\"521\" data-cat=\"inhouse-seminare\" class=\"active item-6 item-d-3 item-t-2\"><div class=\"inner\"><h2><a href=\"https:\/\/www.wertfabrik.ch\/fr\/veranstaltung\/methode-5s\/\">M\u00e9thode 5S<\/a><\/h2><p>Vous apprenez \u00e0 appliquer la m\u00e9thode 5S de fa\u00e7on autonome et \u00e0 r\u00e9aliser un audit m\u00e9thodique de l\u2019ordre et de la propret\u00e9.<\/p><div class=\"meta-bottom clear\"><a class=\"detail\" href=\"https:\/\/www.wertfabrik.ch\/fr\/veranstaltung\/methode-5s\/\">Plus<\/a><span class=\"cat\">S\u00e9minaires internes<\/span><\/div><\/div><\/article><article data-postid=\"522\" data-cat=\"inhouse-seminare\" class=\"active item-7 item-d-1 item-t-1\"><div class=\"inner\"><h2><a href=\"https:\/\/www.wertfabrik.ch\/fr\/veranstaltung\/lean-maintenance\/\">Lean Maintenance<\/a><\/h2><p>La TPM (Total Productive Maintenance) constitue une m\u00e9thode compl\u00e8te pour atteindre l\u2019objectif de disponibilit\u00e9 \u00e9lev\u00e9e. Le s\u00e9minaire interne vous fournira plus d\u2019informations \u00e0 ce sujet.<\/p><div class=\"meta-bottom clear\"><a class=\"detail\" href=\"https:\/\/www.wertfabrik.ch\/fr\/veranstaltung\/lean-maintenance\/\">Plus<\/a><span class=\"cat\">S\u00e9minaires internes<\/span><\/div><\/div><\/article><article data-postid=\"523\" data-cat=\"inhouse-seminare\" class=\"active item-8 item-d-2 item-t-2\"><div class=\"inner\"><h2><a href=\"https:\/\/www.wertfabrik.ch\/fr\/veranstaltung\/formation-des-dirigeants\/\">Formation des dirigeants<\/a><\/h2><p>Des comp\u00e9tences en mati\u00e8re de direction et de r\u00e9solution des probl\u00e8mes constituent les v\u00e9ritables facteurs de succ\u00e8s dans une entreprise florissante.<\/p><div class=\"meta-bottom clear\"><a class=\"detail\" href=\"https:\/\/www.wertfabrik.ch\/fr\/veranstaltung\/formation-des-dirigeants\/\">Plus<\/a><span class=\"cat\">S\u00e9minaires internes<\/span><\/div><\/div><\/article><div class=\"load-more-section\"><a class=\"load-more hide-button\" data-cat=\"all\" data-pcount=\"8\" href=\"#\">Afficher plus de r\u00e9sultats<\/a><\/div><\/div><\/div>[\/vc_column][\/vc_row]<\/p>\n","protected":false},"excerpt":{"rendered":"<p>[vc_row full_width=\u00a0\u00bbstretch_row\u00a0\u00bb css=\u00a0\u00bb.vc_custom_1509542030098{margin-top: 0px !important;margin-bottom: 0px !important;}\u00a0\u00bb][vc_column][\/vc_column][\/vc_row][vc_row full_width=\u00a0\u00bbstretch_row\u00a0\u00bb][vc_column][\/vc_column][\/vc_row]<\/p>\n","protected":false},"author":13,"featured_media":0,"parent":0,"menu_order":0,"comment_status":"closed","ping_status":"closed","template":"","meta":[],"yoast_head":"<!-- This site is optimized with the Yoast SEO plugin v14.8.1 - https:\/\/yoast.com\/wordpress\/plugins\/seo\/ -->\n<meta name=\"robots\" content=\"index, follow\" \/>\n<meta name=\"googlebot\" content=\"index, follow, max-snippet:-1, max-image-preview:large, max-video-preview:-1\" \/>\n<meta name=\"bingbot\" content=\"index, follow, max-snippet:-1, max-image-preview:large, max-video-preview:-1\" \/>\n<link rel=\"canonical\" href=\"https:\/\/www.wertfabrik.ch\/fr\/seminaires-internes\/\" \/>\n<meta property=\"og:locale\" content=\"fr_FR\" \/>\n<meta property=\"og:type\" content=\"article\" \/>\n<meta property=\"og:title\" content=\"S\u00e9minaires internes - Wertfabrik FR\" \/>\n<meta property=\"og:description\" content=\"[vc_row full_width=\u00a0\u00bbstretch_row\u00a0\u00bb css=\u00a0\u00bb.vc_custom_1509542030098{margin-top: 0px !important;margin-bottom: 0px !important;}\u00a0\u00bb][vc_column][\/vc_column][\/vc_row][vc_row full_width=\u00a0\u00bbstretch_row\u00a0\u00bb][vc_column][\/vc_column][\/vc_row]\" \/>\n<meta property=\"og:url\" content=\"https:\/\/www.wertfabrik.ch\/fr\/seminaires-internes\/\" \/>\n<meta property=\"og:site_name\" content=\"Wertfabrik FR\" \/>\n<meta property=\"article:modified_time\" content=\"2018-06-13T15:09:42+00:00\" \/>\n<meta name=\"twitter:card\" content=\"summary_large_image\" \/>\n<script type=\"application\/ld+json\" class=\"yoast-schema-graph\">{\"@context\":\"https:\/\/schema.org\",\"@graph\":[{\"@type\":\"WebSite\",\"@id\":\"https:\/\/www.wertfabrik.ch\/fr\/#website\",\"url\":\"https:\/\/www.wertfabrik.ch\/fr\/\",\"name\":\"Wertfabrik FR\",\"description\":\"Eine weitere Wertfabrik Website\",\"potentialAction\":[{\"@type\":\"SearchAction\",\"target\":\"https:\/\/www.wertfabrik.ch\/fr\/?s={search_term_string}\",\"query-input\":\"required name=search_term_string\"}],\"inLanguage\":\"fr-FR\"},{\"@type\":\"WebPage\",\"@id\":\"https:\/\/www.wertfabrik.ch\/fr\/seminaires-internes\/#webpage\",\"url\":\"https:\/\/www.wertfabrik.ch\/fr\/seminaires-internes\/\",\"name\":\"S\\u00e9minaires internes - Wertfabrik FR\",\"isPartOf\":{\"@id\":\"https:\/\/www.wertfabrik.ch\/fr\/#website\"},\"datePublished\":\"2017-07-18T13:23:39+00:00\",\"dateModified\":\"2018-06-13T15:09:42+00:00\",\"inLanguage\":\"fr-FR\",\"potentialAction\":[{\"@type\":\"ReadAction\",\"target\":[\"https:\/\/www.wertfabrik.ch\/fr\/seminaires-internes\/\"]}]}]}<\/script>\n<!-- \/ Yoast SEO plugin. -->","_links":{"self":[{"href":"https:\/\/www.wertfabrik.ch\/fr\/wp-json\/wp\/v2\/pages\/245"}],"collection":[{"href":"https:\/\/www.wertfabrik.ch\/fr\/wp-json\/wp\/v2\/pages"}],"about":[{"href":"https:\/\/www.wertfabrik.ch\/fr\/wp-json\/wp\/v2\/types\/page"}],"author":[{"embeddable":true,"href":"https:\/\/www.wertfabrik.ch\/fr\/wp-json\/wp\/v2\/users\/13"}],"replies":[{"embeddable":true,"href":"https:\/\/www.wertfabrik.ch\/fr\/wp-json\/wp\/v2\/comments?post=245"}],"version-history":[{"count":13,"href":"https:\/\/www.wertfabrik.ch\/fr\/wp-json\/wp\/v2\/pages\/245\/revisions"}],"predecessor-version":[{"id":1354,"href":"https:\/\/www.wertfabrik.ch\/fr\/wp-json\/wp\/v2\/pages\/245\/revisions\/1354"}],"wp:attachment":[{"href":"https:\/\/www.wertfabrik.ch\/fr\/wp-json\/wp\/v2\/media?parent=245"}],"curies":[{"name":"wp","href":"https:\/\/api.w.org\/{rel}","templated":true}]}}

Séminaires internes

<p>[vc_row full_width= »stretch_row » css= ».vc_custom_1509542030098{margin-top: 0px !important;margin-bottom: 0px !important;} »][vc_column]<div class="header-overview-site"><div class="container"><h1>Formations</h1></div><div class="image-section"><div class="background-img clear" style="background:url(https://www.wertfabrik.ch/fr/wp-content/uploads/sites/5/2018/01/Formations-–-Wertfabrik-AG.jpg) center -60px;"><img src="https://www.wertfabrik.ch/fr/wp-content/uploads/sites/5/2018/01/Formations-–-Wertfabrik-AG.jpg" alt="Développer le savoir-faire et les compétences au sein de votre entreprise"></div><div class="header-box"><h2>Offres personnalisées sur site</h2><h1>Développer le savoir-faire et les compétences au sein de votre entreprise</h1><p>Nous organisons avec vous des concepts de séminaire individuels, et ce pour toutes les questions spécifiques au thème du Lean. Que vous suiviez un séminaire unique ou un programme de formation complet, vous progressez rapidement avec les experts Lean de Wertfabrik.</p></div></div></div>[/vc_column][/vc_row][vc_row full_width= »stretch_row »][vc_column]<div data-mcat="wertakademie" data-cnotin="inhouse-seminare" class="overview-list-container referenzen-list"><div class="container clear"><div class="overview-list-controlling"><h2>Nos formations</h2><hr></div><article data-postid="515" data-cat="inhouse-seminare" class="active item-1 item-d-1 item-t-1"><div class="inner"><h2><a href="https://www.wertfabrik.ch/fr/veranstaltung/preparation-rapide/">Préparation rapide avec la méthode SMED</a></h2><p>La préparation rapide est un élément de base du Lean Management. Le but de la méthode SMED (Single Minute Exchange of Die) est le changement d’outil en une minute.</p><div class="meta-bottom clear"><a class="detail" href="https://www.wertfabrik.ch/fr/veranstaltung/preparation-rapide/">Plus</a><span class="cat">Séminaires internes</span></div></div></article><article data-postid="516" data-cat="inhouse-seminare" class="active item-2 item-d-2 item-t-2"><div class="inner"><h2><a href="https://www.wertfabrik.ch/fr/veranstaltung/feuille-de-route-vers-lentreprise-lean/">Feuille de route vers l&rsquo;entreprise Lean</a></h2><p>Dans le séminaire «Feuille de route vers l'entreprise Lean», vous apprenez comment une feuille de route est déduite, traitée et contrôlée à partir de la stratégie d'entreprise.</p><div class="meta-bottom clear"><a class="detail" href="https://www.wertfabrik.ch/fr/veranstaltung/feuille-de-route-vers-lentreprise-lean/">Plus</a><span class="cat">Séminaires internes</span></div></div></article><article data-postid="517" data-cat="inhouse-seminare" class="active item-3 item-d-3 item-t-1"><div class="inner"><h2><a href="https://www.wertfabrik.ch/fr/veranstaltung/lean-basics/">Fondements du Lean</a></h2><p>Les fondements du Lean servent de base à tous ceux qui envisagent d’optimiser leurs processus et modes opératoires selon des critères spécifiques au Lean.</p><div class="meta-bottom clear"><a class="detail" href="https://www.wertfabrik.ch/fr/veranstaltung/lean-basics/">Plus</a><span class="cat">Séminaires internes</span></div></div></article><article data-postid="519" data-cat="inhouse-seminare" class="active item-4 item-d-1 item-t-2"><div class="inner"><h2><a href="https://www.wertfabrik.ch/fr/veranstaltung/cartographie-de-la-chaine-de-valeur/">Cartographie de la chaîne de valeur</a></h2><p>Dans ce séminaire, vous apprenez à utiliser la méthode de cartographie/d’architecture de la chaîne de valeur aussi bien dans le secteur de la production que pour les processus indirects.</p><div class="meta-bottom clear"><a class="detail" href="https://www.wertfabrik.ch/fr/veranstaltung/cartographie-de-la-chaine-de-valeur/">Plus</a><span class="cat">Séminaires internes</span></div></div></article><article data-postid="520" data-cat="inhouse-seminare" class="active item-5 item-d-2 item-t-1"><div class="inner"><h2><a href="https://www.wertfabrik.ch/fr/veranstaltung/lean-administration/">Lean Administration</a></h2><p>Le risque de gaspillage existe aussi dans les processus d’administration ne créant pas de valeur. L’administration au plus juste ou Lean Administration aide à identifier et à enrayer le gaspillage.</p><div class="meta-bottom clear"><a class="detail" href="https://www.wertfabrik.ch/fr/veranstaltung/lean-administration/">Plus</a><span class="cat">Séminaires internes</span></div></div></article><article data-postid="521" data-cat="inhouse-seminare" class="active item-6 item-d-3 item-t-2"><div class="inner"><h2><a href="https://www.wertfabrik.ch/fr/veranstaltung/methode-5s/">Méthode 5S</a></h2><p>Vous apprenez à appliquer la méthode 5S de façon autonome et à réaliser un audit méthodique de l’ordre et de la propreté.</p><div class="meta-bottom clear"><a class="detail" href="https://www.wertfabrik.ch/fr/veranstaltung/methode-5s/">Plus</a><span class="cat">Séminaires internes</span></div></div></article><article data-postid="522" data-cat="inhouse-seminare" class="active item-7 item-d-1 item-t-1"><div class="inner"><h2><a href="https://www.wertfabrik.ch/fr/veranstaltung/lean-maintenance/">Lean Maintenance</a></h2><p>La TPM (Total Productive Maintenance) constitue une méthode complète pour atteindre l’objectif de disponibilité élevée. Le séminaire interne vous fournira plus d’informations à ce sujet.</p><div class="meta-bottom clear"><a class="detail" href="https://www.wertfabrik.ch/fr/veranstaltung/lean-maintenance/">Plus</a><span class="cat">Séminaires internes</span></div></div></article><article data-postid="523" data-cat="inhouse-seminare" class="active item-8 item-d-2 item-t-2"><div class="inner"><h2><a href="https://www.wertfabrik.ch/fr/veranstaltung/formation-des-dirigeants/">Formation des dirigeants</a></h2><p>Des compétences en matière de direction et de résolution des problèmes constituent les véritables facteurs de succès dans une entreprise florissante.</p><div class="meta-bottom clear"><a class="detail" href="https://www.wertfabrik.ch/fr/veranstaltung/formation-des-dirigeants/">Plus</a><span class="cat">Séminaires internes</span></div></div></article><div class="load-more-section"><a class="load-more hide-button" data-cat="all" data-pcount="8" href="#">Afficher plus de résultats</a></div></div></div>[/vc_column][/vc_row]</p>

<!-- This site is optimized with the Yoast SEO plugin v14.8.1 - https://yoast.com/wordpress/plugins/seo/ -->
<meta name="robots" content="index, follow" />
<meta name="googlebot" content="index, follow, max-snippet:-1, max-image-preview:large, max-video-preview:-1" />
<meta name="bingbot" content="index, follow, max-snippet:-1, max-image-preview:large, max-video-preview:-1" />
<link rel="canonical" href="https://www.wertfabrik.ch/fr/seminaires-internes/" />
<meta property="og:locale" content="fr_FR" />
<meta property="og:type" content="article" />
<meta property="og:title" content="Séminaires internes - Wertfabrik FR" />
<meta property="og:description" content="[vc_row full_width= »stretch_row » css= ».vc_custom_1509542030098{margin-top: 0px !important;margin-bottom: 0px !important;} »][vc_column][/vc_column][/vc_row][vc_row full_width= »stretch_row »][vc_column][/vc_column][/vc_row]" />
<meta property="og:url" content="https://www.wertfabrik.ch/fr/seminaires-internes/" />
<meta property="og:site_name" content="Wertfabrik FR" />
<meta property="article:modified_time" content="2018-06-13T15:09:42+00:00" />
<meta name="twitter:card" content="summary_large_image" />
<script type="application/ld+json" class="yoast-schema-graph">{"@context":"https://schema.org","@graph":[{"@type":"WebSite","@id":"https://www.wertfabrik.ch/fr/#website","url":"https://www.wertfabrik.ch/fr/","name":"Wertfabrik FR","description":"Eine weitere Wertfabrik Website","potentialAction":[{"@type":"SearchAction","target":"https://www.wertfabrik.ch/fr/?s={search_term_string}","query-input":"required name=search_term_string"}],"inLanguage":"fr-FR"},{"@type":"WebPage","@id":"https://www.wertfabrik.ch/fr/seminaires-internes/#webpage","url":"https://www.wertfabrik.ch/fr/seminaires-internes/","name":"S\u00e9minaires internes - Wertfabrik FR","isPartOf":{"@id":"https://www.wertfabrik.ch/fr/#website"},"datePublished":"2017-07-18T13:23:39+00:00","dateModified":"2018-06-13T15:09:42+00:00","inLanguage":"fr-FR","potentialAction":[{"@type":"ReadAction","target":["https://www.wertfabrik.ch/fr/seminaires-internes/"]}]}]}</script>
<!-- / Yoast SEO plugin. -->
