{"id":516,"date":"2017-08-29T09:56:32","date_gmt":"2017-08-29T07:56:32","guid":{"rendered":"https:\/\/new.wertfabrik.ch\/de\/?post_type=wertakademie&#038;p=516"},"modified":"2023-10-27T18:47:35","modified_gmt":"2023-10-27T16:47:35","slug":"feuille-de-route-vers-lentreprise-lean","status":"publish","type":"wertakademie","link":"https:\/\/www.wertfabrik.ch\/fr\/veranstaltung\/feuille-de-route-vers-lentreprise-lean\/","title":{"rendered":"Feuille de route vers l&rsquo;entreprise Lean"},"content":{"rendered":"<p>[vc_row][vc_column]<div class=\"site-intro\"><span>Feuille de route vers l'entreprise Lean<\/span><hr><h1>Favoriser l'apprentissage et la connaissance dans l'entreprise<\/h1><p>De nombreuses entreprises sont incertaines quant au lieu o\u00f9 elles doivent commencer la mise en \u0153uvre de la gestion Lean. Dans la production ? Dans l'administration ? Ou m\u00eame dans le d\u00e9veloppement ? D'une part, la gestion Lean doit soutenir la strat\u00e9gie de l'entreprise, d'autre part, des r\u00e9sultats mesurables doivent \u00e9galement intervenir rapidement. Une r\u00e9alisation structur\u00e9e et syst\u00e9matique de la feuille de route Lean est ainsi imp\u00e9rativement n\u00e9cessaire, afin de ne pas investir un temps pr\u00e9cieux au mauvais endroit.<\/p><\/div>[\/vc_column][\/vc_row][vc_row][vc_column width=\u00a0\u00bb1\/2&Prime;][vc_column_text]<\/p>\n<h3>Objectif de la formation<\/h3>\n<p>Vous apprenez comment un projet (feuille de route Lean) est d\u00e9duit de la strat\u00e9gie de l&rsquo;entreprise, pourvu, visualis\u00e9, trait\u00e9 et contr\u00f4l\u00e9 avec des objectifs concrets.[\/vc_column_text][\/vc_column][vc_column width=\u00a0\u00bb1\/2&Prime;][vc_column_text]<\/p>\n<h3>Groupes cibl\u00e9s<\/h3>\n<p>Cadres dirigeants de tous les niveaux, experts Lean et gestionnaires Lean[\/vc_column_text][\/vc_column][\/vc_row][vc_row][vc_column width=\u00a0\u00bb1\/2&Prime;][vc_column_text]<\/p>\n<h3>Contenus<\/h3>\n<ul>\n<li>D\u00e9ploiement de la politique \u2013 de la strat\u00e9gie \u00e0 la feuille de route Lean correspondante<\/li>\n<li>Exemples pratiques avec des exp\u00e9riences, des facteurs de succ\u00e8s et des difficult\u00e9s<\/li>\n<li>\u00c9tablissement de la propre feuille de route<\/li>\n<\/ul>\n<p>[\/vc_column_text][\/vc_column][vc_column width=\u00a0\u00bb1\/2&Prime;][vc_column_text]<\/p>\n<h3>Utilit\u00e9 pour les participants<\/h3>\n<p>En se basant sur votre strat\u00e9gie d&rsquo;entreprise, vous commencez l&rsquo;\u00e9laboration d&rsquo;une feuille de route sur mesure et assurez ainsi que les projets planifi\u00e9s soutiennent la strat\u00e9gie de mani\u00e8re optimale. Pour les premiers projets de la feuille de route Lean, les objectifs et les missions du projet sont entre autres formul\u00e9es.[\/vc_column_text][\/vc_column][\/vc_row][vc_row][vc_column width=\u00a0\u00bb1\/2&Prime;][vc_column_text]<\/p>\n<h3>Dur\u00e9e \/ Priy<\/h3>\n<p>1 journ\u00e9e de s\u00e9minaire interne, selon accord individuel<\/p>\n<p>CHF 3&rsquo;600.00[\/vc_column_text][\/vc_column][vc_column width=\u00a0\u00bb1\/2&Prime;][\/vc_column][\/vc_row][vc_row][vc_column][vc_column_text]<\/p>\n<h3>Votre interlocuteur<\/h3>\n<p>David Moser, partenaire g\u00e9rant<br \/>\nT +41 79 344 35 33<br \/>\n<a href=\"mailto:david.moser@wertfabrik.ch\">david.moser@wertfabrik.ch<\/a>[\/vc_column_text][\/vc_column][\/vc_row]<\/p>\n","protected":false},"featured_media":0,"template":"","yoast_head":"<!-- This site is optimized with the Yoast SEO plugin v14.8.1 - https:\/\/yoast.com\/wordpress\/plugins\/seo\/ -->\n<meta name=\"robots\" content=\"index, follow\" \/>\n<meta name=\"googlebot\" content=\"index, follow, max-snippet:-1, max-image-preview:large, max-video-preview:-1\" \/>\n<meta name=\"bingbot\" content=\"index, follow, max-snippet:-1, max-image-preview:large, max-video-preview:-1\" \/>\n<link rel=\"canonical\" href=\"https:\/\/www.wertfabrik.ch\/fr\/veranstaltung\/feuille-de-route-vers-lentreprise-lean\/\" \/>\n<meta property=\"og:locale\" content=\"fr_FR\" \/>\n<meta property=\"og:type\" content=\"article\" \/>\n<meta property=\"og:title\" content=\"Feuille de route vers l&#039;entreprise Lean - Wertfabrik FR\" \/>\n<meta property=\"og:description\" content=\"[vc_row][vc_column][\/vc_column][\/vc_row][vc_row][vc_column width=\u00a0\u00bb1\/2&Prime;][vc_column_text] Objectif de la formation Vous apprenez comment un projet (feuille de route Lean) est d\u00e9duit de la strat\u00e9gie de l&rsquo;entreprise, pourvu, visualis\u00e9, trait\u00e9 et contr\u00f4l\u00e9 avec des objectifs concrets.[\/vc_column_text][\/vc_column][vc_column width=\u00a0\u00bb1\/2&Prime;][vc_column_text] Groupes cibl\u00e9s Cadres dirigeants de tous les niveaux, experts Lean et gestionnaires Lean[\/vc_column_text][\/vc_column][\/vc_row][vc_row][vc_column width=\u00a0\u00bb1\/2&Prime;][vc_column_text] Contenus D\u00e9ploiement de la politique \u2013 de la strat\u00e9gie [&hellip;]\" \/>\n<meta property=\"og:url\" content=\"https:\/\/www.wertfabrik.ch\/fr\/veranstaltung\/feuille-de-route-vers-lentreprise-lean\/\" \/>\n<meta property=\"og:site_name\" content=\"Wertfabrik FR\" \/>\n<meta property=\"article:modified_time\" content=\"2023-10-27T16:47:35+00:00\" \/>\n<meta name=\"twitter:card\" content=\"summary_large_image\" \/>\n<script type=\"application\/ld+json\" class=\"yoast-schema-graph\">{\"@context\":\"https:\/\/schema.org\",\"@graph\":[{\"@type\":\"WebSite\",\"@id\":\"https:\/\/www.wertfabrik.ch\/fr\/#website\",\"url\":\"https:\/\/www.wertfabrik.ch\/fr\/\",\"name\":\"Wertfabrik FR\",\"description\":\"Eine weitere Wertfabrik Website\",\"potentialAction\":[{\"@type\":\"SearchAction\",\"target\":\"https:\/\/www.wertfabrik.ch\/fr\/?s={search_term_string}\",\"query-input\":\"required name=search_term_string\"}],\"inLanguage\":\"fr-FR\"},{\"@type\":\"WebPage\",\"@id\":\"https:\/\/www.wertfabrik.ch\/fr\/veranstaltung\/feuille-de-route-vers-lentreprise-lean\/#webpage\",\"url\":\"https:\/\/www.wertfabrik.ch\/fr\/veranstaltung\/feuille-de-route-vers-lentreprise-lean\/\",\"name\":\"Feuille de route vers l'entreprise Lean - Wertfabrik FR\",\"isPartOf\":{\"@id\":\"https:\/\/www.wertfabrik.ch\/fr\/#website\"},\"datePublished\":\"2017-08-29T07:56:32+00:00\",\"dateModified\":\"2023-10-27T16:47:35+00:00\",\"inLanguage\":\"fr-FR\",\"potentialAction\":[{\"@type\":\"ReadAction\",\"target\":[\"https:\/\/www.wertfabrik.ch\/fr\/veranstaltung\/feuille-de-route-vers-lentreprise-lean\/\"]}]}]}<\/script>\n<!-- \/ Yoast SEO plugin. -->","_links":{"self":[{"href":"https:\/\/www.wertfabrik.ch\/fr\/wp-json\/wp\/v2\/wertakademie\/516"}],"collection":[{"href":"https:\/\/www.wertfabrik.ch\/fr\/wp-json\/wp\/v2\/wertakademie"}],"about":[{"href":"https:\/\/www.wertfabrik.ch\/fr\/wp-json\/wp\/v2\/types\/wertakademie"}],"wp:attachment":[{"href":"https:\/\/www.wertfabrik.ch\/fr\/wp-json\/wp\/v2\/media?parent=516"}],"curies":[{"name":"wp","href":"https:\/\/api.w.org\/{rel}","templated":true}]}}

<p>[vc_row][vc_column]<div class="site-intro"><span>Feuille de route vers l'entreprise Lean</span><hr><h1>Favoriser l'apprentissage et la connaissance dans l'entreprise</h1><p>De nombreuses entreprises sont incertaines quant au lieu où elles doivent commencer la mise en œuvre de la gestion Lean. Dans la production ? Dans l'administration ? Ou même dans le développement ? D'une part, la gestion Lean doit soutenir la stratégie de l'entreprise, d'autre part, des résultats mesurables doivent également intervenir rapidement. Une réalisation structurée et systématique de la feuille de route Lean est ainsi impérativement nécessaire, afin de ne pas investir un temps précieux au mauvais endroit.</p></div>[/vc_column][/vc_row][vc_row][vc_column width= »1/2&Prime;][vc_column_text]</p>
<h3>Objectif de la formation</h3>
<p>Vous apprenez comment un projet (feuille de route Lean) est déduit de la stratégie de l&rsquo;entreprise, pourvu, visualisé, traité et contrôlé avec des objectifs concrets.[/vc_column_text][/vc_column][vc_column width= »1/2&Prime;][vc_column_text]</p>
<h3>Groupes ciblés</h3>
<p>Cadres dirigeants de tous les niveaux, experts Lean et gestionnaires Lean[/vc_column_text][/vc_column][/vc_row][vc_row][vc_column width= »1/2&Prime;][vc_column_text]</p>
<h3>Contenus</h3>
<ul>
<li>Déploiement de la politique – de la stratégie à la feuille de route Lean correspondante</li>
<li>Exemples pratiques avec des expériences, des facteurs de succès et des difficultés</li>
<li>Établissement de la propre feuille de route</li>
</ul>
<p>[/vc_column_text][/vc_column][vc_column width= »1/2&Prime;][vc_column_text]</p>
<h3>Utilité pour les participants</h3>
<p>En se basant sur votre stratégie d&rsquo;entreprise, vous commencez l&rsquo;élaboration d&rsquo;une feuille de route sur mesure et assurez ainsi que les projets planifiés soutiennent la stratégie de manière optimale. Pour les premiers projets de la feuille de route Lean, les objectifs et les missions du projet sont entre autres formulées.[/vc_column_text][/vc_column][/vc_row][vc_row][vc_column width= »1/2&Prime;][vc_column_text]</p>
<h3>Durée / Priy</h3>
<p>1 journée de séminaire interne, selon accord individuel</p>
<p>CHF 3&rsquo;600.00[/vc_column_text][/vc_column][vc_column width= »1/2&Prime;][/vc_column][/vc_row][vc_row][vc_column][vc_column_text]</p>
<h3>Votre interlocuteur</h3>
<p>David Moser, partenaire gérant<br />
T +41 79 344 35 33<br />
<a href="mailto:david.moser@wertfabrik.ch">david.moser@wertfabrik.ch</a>[/vc_column_text][/vc_column][/vc_row]</p>

<!-- This site is optimized with the Yoast SEO plugin v14.8.1 - https://yoast.com/wordpress/plugins/seo/ -->
<meta name="robots" content="index, follow" />
<meta name="googlebot" content="index, follow, max-snippet:-1, max-image-preview:large, max-video-preview:-1" />
<meta name="bingbot" content="index, follow, max-snippet:-1, max-image-preview:large, max-video-preview:-1" />
<link rel="canonical" href="https://www.wertfabrik.ch/fr/veranstaltung/feuille-de-route-vers-lentreprise-lean/" />
<meta property="og:locale" content="fr_FR" />
<meta property="og:type" content="article" />
<meta property="og:title" content="Feuille de route vers l&#039;entreprise Lean - Wertfabrik FR" />
<meta property="og:description" content="[vc_row][vc_column][/vc_column][/vc_row][vc_row][vc_column width= »1/2&Prime;][vc_column_text] Objectif de la formation Vous apprenez comment un projet (feuille de route Lean) est déduit de la stratégie de l&rsquo;entreprise, pourvu, visualisé, traité et contrôlé avec des objectifs concrets.[/vc_column_text][/vc_column][vc_column width= »1/2&Prime;][vc_column_text] Groupes ciblés Cadres dirigeants de tous les niveaux, experts Lean et gestionnaires Lean[/vc_column_text][/vc_column][/vc_row][vc_row][vc_column width= »1/2&Prime;][vc_column_text] Contenus Déploiement de la politique – de la stratégie [&hellip;]" />
<meta property="og:url" content="https://www.wertfabrik.ch/fr/veranstaltung/feuille-de-route-vers-lentreprise-lean/" />
<meta property="og:site_name" content="Wertfabrik FR" />
<meta property="article:modified_time" content="2023-10-27T16:47:35+00:00" />
<meta name="twitter:card" content="summary_large_image" />
<script type="application/ld+json" class="yoast-schema-graph">{"@context":"https://schema.org","@graph":[{"@type":"WebSite","@id":"https://www.wertfabrik.ch/fr/#website","url":"https://www.wertfabrik.ch/fr/","name":"Wertfabrik FR","description":"Eine weitere Wertfabrik Website","potentialAction":[{"@type":"SearchAction","target":"https://www.wertfabrik.ch/fr/?s={search_term_string}","query-input":"required name=search_term_string"}],"inLanguage":"fr-FR"},{"@type":"WebPage","@id":"https://www.wertfabrik.ch/fr/veranstaltung/feuille-de-route-vers-lentreprise-lean/#webpage","url":"https://www.wertfabrik.ch/fr/veranstaltung/feuille-de-route-vers-lentreprise-lean/","name":"Feuille de route vers l'entreprise Lean - Wertfabrik FR","isPartOf":{"@id":"https://www.wertfabrik.ch/fr/#website"},"datePublished":"2017-08-29T07:56:32+00:00","dateModified":"2023-10-27T16:47:35+00:00","inLanguage":"fr-FR","potentialAction":[{"@type":"ReadAction","target":["https://www.wertfabrik.ch/fr/veranstaltung/feuille-de-route-vers-lentreprise-lean/"]}]}]}</script>
<!-- / Yoast SEO plugin. -->
