{"id":519,"date":"2017-08-29T09:58:45","date_gmt":"2017-08-29T07:58:45","guid":{"rendered":"https:\/\/new.wertfabrik.ch\/de\/?post_type=wertakademie&#038;p=519"},"modified":"2023-10-27T18:50:56","modified_gmt":"2023-10-27T16:50:56","slug":"cartographie-de-la-chaine-de-valeur","status":"publish","type":"wertakademie","link":"https:\/\/www.wertfabrik.ch\/fr\/veranstaltung\/cartographie-de-la-chaine-de-valeur\/","title":{"rendered":"Cartographie de la cha\u00eene de valeur"},"content":{"rendered":"<p>[vc_row][vc_column]<div class=\"site-intro\"><span>Cartographie et architecture de la cha\u00eene de valeur dans le secteur de la production et\/ou de l\u2019administration<\/span><hr><h1>D\u00e9velopper un processus pr\u00e9visionnel optimis\u00e9<\/h1><p>La cartographie de la cha\u00eene de valeur (Value Stream Mapping) est une m\u00e9thode efficace pour l\u2019analyse d\u2019un processus. Il s\u2019agit de repr\u00e9senter tous les \u00e9l\u00e9ments essentiels du flux de mat\u00e9riel et d\u2019information afin de d\u00e9tecter d\u2019un seul coup d\u2019\u0153il les points faibles.<\/p>\n<p>L\u2019architecture de la cha\u00eene de valeur permet ensuite de d\u00e9velopper un processus pr\u00e9visionnel optimis\u00e9 qui doit corriger ces points faibles. Dans le secteur administratif, cette m\u00e9thode est \u00e9galement appel\u00e9e \u00ab Makigami \u00bb.<\/p><\/div>[\/vc_column][\/vc_row][vc_row][vc_column width=\u00a0\u00bb1\/2&Prime;][vc_column_text]<\/p>\n<h3>Objectifs<\/h3>\n<p>\u00c0 la fin du s\u00e9minaire, vous savez utiliser et appliquer la m\u00e9thode de cartographie de la cha\u00eene de valeur aussi bien dans le secteur de la production que pour les processus indirects. Vous apprenez les symboles normalis\u00e9s utilis\u00e9s pour repr\u00e9senter les processus et pouvez donc visualiser vos processus de mani\u00e8re compr\u00e9hensible pour tous.[\/vc_column_text][\/vc_column][vc_column width=\u00a0\u00bb1\/2&Prime;][vc_column_text]<\/p>\n<h3>Groupes cibles<\/h3>\n<p>Ce s\u00e9minaire s\u2019adresse aux dirigeants et aux experts Lean qui souhaitent utiliser\u00a0la m\u00e9thode de cartographie\/d\u2019architecture de la cha\u00eene de valeur pour optimiser les\u00a0processus de production ou administratifs.[\/vc_column_text][\/vc_column][\/vc_row][vc_row][vc_column width=\u00a0\u00bb1\/2&Prime;][vc_column_text]<\/p>\n<h3>Comp\u00e9tences acquises<\/h3>\n<p>Les termes \u00ab cha\u00eene de valeur \u00bb, \u00ab indice Lean \u00bb, \u00ab Makigami \u00bb et \u00ab Kaizen \u00bb vous sont familiers. Vous \u00eates en mesure de repr\u00e9senter et d\u2019\u00e9valuer les processus ainsi que d\u2019identifier leur potentiel d\u2019am\u00e9lioration, ce qui constitue la base pour l\u2019\u00e9laboration subs\u00e9quente de processus optimis\u00e9s.[\/vc_column_text][\/vc_column][vc_column width=\u00a0\u00bb1\/2&Prime;][vc_column_text]<\/p>\n<h3>Th\u00e8mes principaux<\/h3>\n<p>Expos\u00e9s, d\u00e9bats et exemples pratiques garantissent un s\u00e9minaire vari\u00e9. L\u2019application pratique (sous la direction du formateur) de la m\u00e9thode \u00e0 un \u00ab processus live \u00bb constitue le point d\u2019orgue du s\u00e9minaire.[\/vc_column_text][\/vc_column][\/vc_row][vc_row][vc_column width=\u00a0\u00bb1\/2&Prime;][vc_column_text]<\/p>\n<h3>Le s\u00e9minaire d\u2019une journ\u00e9e r\u00e9pond aux questions suivantes :<\/h3>\n<ul>\n<li>Qu\u2019est-ce qu\u2019une cartographie ou architecture de la cha\u00eene de valeur ?<\/li>\n<li>Qu\u2019est-ce qui diff\u00e9rencie une cartographie de la cha\u00eene de valeur dans le secteur de la production de celle du secteur administratif ?<\/li>\n<li>Quels sont les symboles utilis\u00e9s pour repr\u00e9senter les processus ?<\/li>\n<li>Quelle est la proc\u00e9dure syst\u00e9matique pour r\u00e9aliser une cartographie de la cha\u00eene de valeur ?<\/li>\n<li>Qu\u2019est-ce que l\u2019indice Lean ?<\/li>\n<li>Quels sont les potentiels souvent cach\u00e9s dans les processus ?<\/li>\n<li>Comment un processus optimis\u00e9 est-il planifi\u00e9, repr\u00e9sent\u00e9 et mis en \u0153uvre ?<\/li>\n<\/ul>\n<p>[\/vc_column_text][\/vc_column][vc_column width=\u00a0\u00bb1\/2&Prime;][vc_column_text]<\/p>\n<h3>M\u00e9thodologie<\/h3>\n<ul>\n<li>Un m\u00e9lange vari\u00e9 de th\u00e9orie et de pratique<\/li>\n<li>Les bases th\u00e9oriques transmises sont mises en pratique en \u00e9quipe \u00e0 l\u2019aide de cas concrets (id\u00e9alement \u00e0 partir de processus r\u00e9els existants au sein de votre entreprise).<\/li>\n<li>Les remarques constructives du formateur et des participants sur les r\u00e9sultats obtenus viennent compl\u00e9ter les comp\u00e9tences acquises.<\/li>\n<\/ul>\n<p>[\/vc_column_text][\/vc_column][\/vc_row][vc_row][vc_column width=\u00a0\u00bb1\/2&Prime;][vc_column_text]<\/p>\n<h3>Prix<\/h3>\n<p>CHF 3&rsquo;600.-[\/vc_column_text][\/vc_column][vc_column width=\u00a0\u00bb1\/2&Prime;][\/vc_column][\/vc_row][vc_row][vc_column][vc_column_text]<\/p>\n<h3>Votre interlocuteur<\/h3>\n<p><a href=\"https:\/\/www.wertfabrik.ch\/fr\/team\/david-moser\/\">David Moser<\/a>, partenaire g\u00e9rant<br \/>\nT +41 79 344 35 33<br \/>\n<a href=\"mailto:david.moser@wertfabrik.ch\">david.moser@wertfabrik.ch<\/a>[\/vc_column_text][\/vc_column][\/vc_row]<\/p>\n","protected":false},"featured_media":0,"template":"","yoast_head":"<!-- This site is optimized with the Yoast SEO plugin v14.8.1 - https:\/\/yoast.com\/wordpress\/plugins\/seo\/ -->\n<meta name=\"robots\" content=\"index, follow\" \/>\n<meta name=\"googlebot\" content=\"index, follow, max-snippet:-1, max-image-preview:large, max-video-preview:-1\" \/>\n<meta name=\"bingbot\" content=\"index, follow, max-snippet:-1, max-image-preview:large, max-video-preview:-1\" \/>\n<link rel=\"canonical\" href=\"https:\/\/www.wertfabrik.ch\/fr\/veranstaltung\/cartographie-de-la-chaine-de-valeur\/\" \/>\n<meta property=\"og:locale\" content=\"fr_FR\" \/>\n<meta property=\"og:type\" content=\"article\" \/>\n<meta property=\"og:title\" content=\"Cartographie de la cha\u00eene de valeur - Wertfabrik FR\" \/>\n<meta property=\"og:description\" content=\"[vc_row][vc_column][\/vc_column][\/vc_row][vc_row][vc_column width=\u00a0\u00bb1\/2&Prime;][vc_column_text] Objectifs \u00c0 la fin du s\u00e9minaire, vous savez utiliser et appliquer la m\u00e9thode de cartographie de la cha\u00eene de valeur aussi bien dans le secteur de la production que pour les processus indirects. Vous apprenez les symboles normalis\u00e9s utilis\u00e9s pour repr\u00e9senter les processus et pouvez donc visualiser vos processus de mani\u00e8re compr\u00e9hensible pour [&hellip;]\" \/>\n<meta property=\"og:url\" content=\"https:\/\/www.wertfabrik.ch\/fr\/veranstaltung\/cartographie-de-la-chaine-de-valeur\/\" \/>\n<meta property=\"og:site_name\" content=\"Wertfabrik FR\" \/>\n<meta property=\"article:modified_time\" content=\"2023-10-27T16:50:56+00:00\" \/>\n<meta name=\"twitter:card\" content=\"summary_large_image\" \/>\n<script type=\"application\/ld+json\" class=\"yoast-schema-graph\">{\"@context\":\"https:\/\/schema.org\",\"@graph\":[{\"@type\":\"WebSite\",\"@id\":\"https:\/\/www.wertfabrik.ch\/fr\/#website\",\"url\":\"https:\/\/www.wertfabrik.ch\/fr\/\",\"name\":\"Wertfabrik FR\",\"description\":\"Eine weitere Wertfabrik Website\",\"potentialAction\":[{\"@type\":\"SearchAction\",\"target\":\"https:\/\/www.wertfabrik.ch\/fr\/?s={search_term_string}\",\"query-input\":\"required name=search_term_string\"}],\"inLanguage\":\"fr-FR\"},{\"@type\":\"WebPage\",\"@id\":\"https:\/\/www.wertfabrik.ch\/fr\/veranstaltung\/cartographie-de-la-chaine-de-valeur\/#webpage\",\"url\":\"https:\/\/www.wertfabrik.ch\/fr\/veranstaltung\/cartographie-de-la-chaine-de-valeur\/\",\"name\":\"Cartographie de la cha\\u00eene de valeur - Wertfabrik FR\",\"isPartOf\":{\"@id\":\"https:\/\/www.wertfabrik.ch\/fr\/#website\"},\"datePublished\":\"2017-08-29T07:58:45+00:00\",\"dateModified\":\"2023-10-27T16:50:56+00:00\",\"inLanguage\":\"fr-FR\",\"potentialAction\":[{\"@type\":\"ReadAction\",\"target\":[\"https:\/\/www.wertfabrik.ch\/fr\/veranstaltung\/cartographie-de-la-chaine-de-valeur\/\"]}]}]}<\/script>\n<!-- \/ Yoast SEO plugin. -->","_links":{"self":[{"href":"https:\/\/www.wertfabrik.ch\/fr\/wp-json\/wp\/v2\/wertakademie\/519"}],"collection":[{"href":"https:\/\/www.wertfabrik.ch\/fr\/wp-json\/wp\/v2\/wertakademie"}],"about":[{"href":"https:\/\/www.wertfabrik.ch\/fr\/wp-json\/wp\/v2\/types\/wertakademie"}],"wp:attachment":[{"href":"https:\/\/www.wertfabrik.ch\/fr\/wp-json\/wp\/v2\/media?parent=519"}],"curies":[{"name":"wp","href":"https:\/\/api.w.org\/{rel}","templated":true}]}}

Cartographie de la chaîne de valeur

<p>[vc_row][vc_column]<div class="site-intro"><span>Cartographie et architecture de la chaîne de valeur dans le secteur de la production et/ou de l’administration</span><hr><h1>Développer un processus prévisionnel optimisé</h1><p>La cartographie de la chaîne de valeur (Value Stream Mapping) est une méthode efficace pour l’analyse d’un processus. Il s’agit de représenter tous les éléments essentiels du flux de matériel et d’information afin de détecter d’un seul coup d’œil les points faibles.</p>
<p>L’architecture de la chaîne de valeur permet ensuite de développer un processus prévisionnel optimisé qui doit corriger ces points faibles. Dans le secteur administratif, cette méthode est également appelée « Makigami ».</p></div>[/vc_column][/vc_row][vc_row][vc_column width= »1/2&Prime;][vc_column_text]</p>
<h3>Objectifs</h3>
<p>À la fin du séminaire, vous savez utiliser et appliquer la méthode de cartographie de la chaîne de valeur aussi bien dans le secteur de la production que pour les processus indirects. Vous apprenez les symboles normalisés utilisés pour représenter les processus et pouvez donc visualiser vos processus de manière compréhensible pour tous.[/vc_column_text][/vc_column][vc_column width= »1/2&Prime;][vc_column_text]</p>
<h3>Groupes cibles</h3>
<p>Ce séminaire s’adresse aux dirigeants et aux experts Lean qui souhaitent utiliser la méthode de cartographie/d’architecture de la chaîne de valeur pour optimiser les processus de production ou administratifs.[/vc_column_text][/vc_column][/vc_row][vc_row][vc_column width= »1/2&Prime;][vc_column_text]</p>
<h3>Compétences acquises</h3>
<p>Les termes « chaîne de valeur », « indice Lean », « Makigami » et « Kaizen » vous sont familiers. Vous êtes en mesure de représenter et d’évaluer les processus ainsi que d’identifier leur potentiel d’amélioration, ce qui constitue la base pour l’élaboration subséquente de processus optimisés.[/vc_column_text][/vc_column][vc_column width= »1/2&Prime;][vc_column_text]</p>
<h3>Thèmes principaux</h3>
<p>Exposés, débats et exemples pratiques garantissent un séminaire varié. L’application pratique (sous la direction du formateur) de la méthode à un « processus live » constitue le point d’orgue du séminaire.[/vc_column_text][/vc_column][/vc_row][vc_row][vc_column width= »1/2&Prime;][vc_column_text]</p>
<h3>Le séminaire d’une journée répond aux questions suivantes :</h3>
<ul>
<li>Qu’est-ce qu’une cartographie ou architecture de la chaîne de valeur ?</li>
<li>Qu’est-ce qui différencie une cartographie de la chaîne de valeur dans le secteur de la production de celle du secteur administratif ?</li>
<li>Quels sont les symboles utilisés pour représenter les processus ?</li>
<li>Quelle est la procédure systématique pour réaliser une cartographie de la chaîne de valeur ?</li>
<li>Qu’est-ce que l’indice Lean ?</li>
<li>Quels sont les potentiels souvent cachés dans les processus ?</li>
<li>Comment un processus optimisé est-il planifié, représenté et mis en œuvre ?</li>
</ul>
<p>[/vc_column_text][/vc_column][vc_column width= »1/2&Prime;][vc_column_text]</p>
<h3>Méthodologie</h3>
<ul>
<li>Un mélange varié de théorie et de pratique</li>
<li>Les bases théoriques transmises sont mises en pratique en équipe à l’aide de cas concrets (idéalement à partir de processus réels existants au sein de votre entreprise).</li>
<li>Les remarques constructives du formateur et des participants sur les résultats obtenus viennent compléter les compétences acquises.</li>
</ul>
<p>[/vc_column_text][/vc_column][/vc_row][vc_row][vc_column width= »1/2&Prime;][vc_column_text]</p>
<h3>Prix</h3>
<p>CHF 3&rsquo;600.-[/vc_column_text][/vc_column][vc_column width= »1/2&Prime;][/vc_column][/vc_row][vc_row][vc_column][vc_column_text]</p>
<h3>Votre interlocuteur</h3>
<p><a href="https://www.wertfabrik.ch/fr/team/david-moser/">David Moser</a>, partenaire gérant<br />
T +41 79 344 35 33<br />
<a href="mailto:david.moser@wertfabrik.ch">david.moser@wertfabrik.ch</a>[/vc_column_text][/vc_column][/vc_row]</p>

<!-- This site is optimized with the Yoast SEO plugin v14.8.1 - https://yoast.com/wordpress/plugins/seo/ -->
<meta name="robots" content="index, follow" />
<meta name="googlebot" content="index, follow, max-snippet:-1, max-image-preview:large, max-video-preview:-1" />
<meta name="bingbot" content="index, follow, max-snippet:-1, max-image-preview:large, max-video-preview:-1" />
<link rel="canonical" href="https://www.wertfabrik.ch/fr/veranstaltung/cartographie-de-la-chaine-de-valeur/" />
<meta property="og:locale" content="fr_FR" />
<meta property="og:type" content="article" />
<meta property="og:title" content="Cartographie de la chaîne de valeur - Wertfabrik FR" />
<meta property="og:description" content="[vc_row][vc_column][/vc_column][/vc_row][vc_row][vc_column width= »1/2&Prime;][vc_column_text] Objectifs À la fin du séminaire, vous savez utiliser et appliquer la méthode de cartographie de la chaîne de valeur aussi bien dans le secteur de la production que pour les processus indirects. Vous apprenez les symboles normalisés utilisés pour représenter les processus et pouvez donc visualiser vos processus de manière compréhensible pour [&hellip;]" />
<meta property="og:url" content="https://www.wertfabrik.ch/fr/veranstaltung/cartographie-de-la-chaine-de-valeur/" />
<meta property="og:site_name" content="Wertfabrik FR" />
<meta property="article:modified_time" content="2023-10-27T16:50:56+00:00" />
<meta name="twitter:card" content="summary_large_image" />
<script type="application/ld+json" class="yoast-schema-graph">{"@context":"https://schema.org","@graph":[{"@type":"WebSite","@id":"https://www.wertfabrik.ch/fr/#website","url":"https://www.wertfabrik.ch/fr/","name":"Wertfabrik FR","description":"Eine weitere Wertfabrik Website","potentialAction":[{"@type":"SearchAction","target":"https://www.wertfabrik.ch/fr/?s={search_term_string}","query-input":"required name=search_term_string"}],"inLanguage":"fr-FR"},{"@type":"WebPage","@id":"https://www.wertfabrik.ch/fr/veranstaltung/cartographie-de-la-chaine-de-valeur/#webpage","url":"https://www.wertfabrik.ch/fr/veranstaltung/cartographie-de-la-chaine-de-valeur/","name":"Cartographie de la cha\u00eene de valeur - Wertfabrik FR","isPartOf":{"@id":"https://www.wertfabrik.ch/fr/#website"},"datePublished":"2017-08-29T07:58:45+00:00","dateModified":"2023-10-27T16:50:56+00:00","inLanguage":"fr-FR","potentialAction":[{"@type":"ReadAction","target":["https://www.wertfabrik.ch/fr/veranstaltung/cartographie-de-la-chaine-de-valeur/"]}]}]}</script>
<!-- / Yoast SEO plugin. -->
